{"id":87,"date":"2024-05-02T12:24:04","date_gmt":"2024-05-02T10:24:04","guid":{"rendered":"https:\/\/www.fitness-et-danse-gembloux.be\/?page_id=87"},"modified":"2026-04-14T22:14:32","modified_gmt":"2026-04-14T20:14:32","slug":"agenda-conges","status":"publish","type":"page","link":"https:\/\/www.silhouette-danse.be\/index.php\/agenda-conges\/","title":{"rendered":"Cong\u00e9s &#8211; Agenda"},"content":{"rendered":"\n<p><br><br><br>P\u00e2ques en mai, original, non ? \ud83d\ude43 &#8211; soit du 1 au 9 mai 2026<br><br>Le jeudi 14 mai et le lundi 25 mai<\/p>\n\n\n\n<p>Dernier cours de l&rsquo;ann\u00e9e : le mercredi 24 Auberge Espagnole (apr\u00e8s le cours bien entendu) <br><br>Reprise des cours le mercredi 19 ao\u00fbt 2026 \ud83e\udd2a<br><br><\/p>\n\n\n\n<p><\/p>\n","protected":false},"excerpt":{"rendered":"<p>P\u00e2ques en mai, original, non ? \ud83d\ude43 &#8211; soit du 1 au 9 mai 2026 &hellip; <\/p>\n","protected":false},"author":1,"featured_media":0,"parent":0,"menu_order":0,"comment_status":"closed","ping_status":"closed","template":"","meta":{"footnotes":""},"class_list":["post-87","page","type-page","status-publish","hentry","latest_post"],"_links":{"self":[{"href":"https:\/\/www.silhouette-danse.be\/index.php\/wp-json\/wp\/v2\/pages\/87","targetHints":{"allow":["GET"]}}],"collection":[{"href":"https:\/\/www.silhouette-danse.be\/index.php\/wp-json\/wp\/v2\/pages"}],"about":[{"href":"https:\/\/www.silhouette-danse.be\/index.php\/wp-json\/wp\/v2\/types\/page"}],"author":[{"embeddable":true,"href":"https:\/\/www.silhouette-danse.be\/index.php\/wp-json\/wp\/v2\/users\/1"}],"replies":[{"embeddable":true,"href":"https:\/\/www.silhouette-danse.be\/index.php\/wp-json\/wp\/v2\/comments?post=87"}],"version-history":[{"count":16,"href":"https:\/\/www.silhouette-danse.be\/index.php\/wp-json\/wp\/v2\/pages\/87\/revisions"}],"predecessor-version":[{"id":435,"href":"https:\/\/www.silhouette-danse.be\/index.php\/wp-json\/wp\/v2\/pages\/87\/revisions\/435"}],"wp:attachment":[{"href":"https:\/\/www.silhouette-danse.be\/index.php\/wp-json\/wp\/v2\/media?parent=87"}],"curies":[{"name":"wp","href":"https:\/\/api.w.org\/{rel}","templated":true}]}}