{"id":306,"date":"2025-06-22T13:05:14","date_gmt":"2025-06-22T11:05:14","guid":{"rendered":"https:\/\/www.silhouette-danse.be\/?page_id=306"},"modified":"2025-06-22T13:07:03","modified_gmt":"2025-06-22T11:07:03","slug":"fit-silhouette","status":"publish","type":"page","link":"https:\/\/www.silhouette-danse.be\/index.php\/fit-silhouette\/","title":{"rendered":"FIT-Silhouette"},"content":{"rendered":"\n<p>Remodelez votre silhouette, sculptez tout votre corps avec un programme amusant.<br>\ud83d\ude06 Les muscles profonds ne suffisent pas \u00e0 am\u00e9liorer l&rsquo;apparence, ben non ! \ud83d\ude1c <br>Une appli non plus malheureusement ! Faut se bouger un peu quand m\u00eame \ud83d\ude43<br>Avec <strong>FIT-Silhouette <\/strong>nous allons solliciter tous les muscles superficiels pour un r\u00e9sultat visible mais nous allons faire appel aux muscles profonds pour une bonne execution des mouvements.<br><\/p>\n\n\n<div class=\"wp-block-image\">\n<figure class=\"aligncenter size-large is-resized\"><img loading=\"lazy\" decoding=\"async\" width=\"600\" height=\"355\" src=\"https:\/\/www.silhouette-danse.be\/wp-content\/uploads\/2025\/06\/edito-600x355.jpg\" alt=\"gym gembloux\" class=\"wp-image-360\" style=\"width:540px;height:auto\" srcset=\"https:\/\/www.silhouette-danse.be\/wp-content\/uploads\/2025\/06\/edito-600x355.jpg 600w, https:\/\/www.silhouette-danse.be\/wp-content\/uploads\/2025\/06\/edito-300x178.jpg 300w, https:\/\/www.silhouette-danse.be\/wp-content\/uploads\/2025\/06\/edito-768x455.jpg 768w, https:\/\/www.silhouette-danse.be\/wp-content\/uploads\/2025\/06\/edito.jpg 1199w\" sizes=\"auto, (max-width: 600px) 100vw, 600px\" \/><\/figure>\n<\/div>\n\n\n<p><br><strong>C&rsquo;est quoi ?<\/strong><br>Un cours de renforcement musculaire visant l&rsquo;ensemble du corps. <br>Cuisses-Abdos-Fessiers-Bras-Dos-Pecto<br>Tout le corps sera travaill\u00e9 en utilisant plusieurs m\u00e9thodes diff\u00e9rentes, dont celles du Pilates \ud83d\udcaa<br>Un \u00e9chauffement dynamique et amusant pour commencer et hop, c&rsquo;est parti <br>Les exercices propos\u00e9s feront appel \u00e0 un bon maintien du corps, une contraction optimale au niveau des muscles profonds. \ud83c\udf37L&rsquo;ensemble de la musculature sera sollicit\u00e9e.<br>La s\u00e9ance comporte des passages en musique pour ajouter une petite touche agr\u00e9able.<br><\/p>\n\n\n<div class=\"wp-block-image\">\n<figure class=\"aligncenter size-large is-resized\"><img loading=\"lazy\" decoding=\"async\" width=\"600\" height=\"390\" src=\"https:\/\/www.silhouette-danse.be\/wp-content\/uploads\/2025\/06\/Fit-Silhouette-600x390.jpg\" alt=\"fitness\" class=\"wp-image-361\" style=\"width:438px;height:auto\" srcset=\"https:\/\/www.silhouette-danse.be\/wp-content\/uploads\/2025\/06\/Fit-Silhouette-600x390.jpg 600w, https:\/\/www.silhouette-danse.be\/wp-content\/uploads\/2025\/06\/Fit-Silhouette-300x195.jpg 300w, https:\/\/www.silhouette-danse.be\/wp-content\/uploads\/2025\/06\/Fit-Silhouette-768x499.jpg 768w, https:\/\/www.silhouette-danse.be\/wp-content\/uploads\/2025\/06\/Fit-Silhouette-1536x999.jpg 1536w, https:\/\/www.silhouette-danse.be\/wp-content\/uploads\/2025\/06\/Fit-Silhouette.jpg 1984w\" sizes=\"auto, (max-width: 600px) 100vw, 600px\" \/><\/figure>\n<\/div>\n\n\n<p class=\"has-text-align-left\"><br><strong>C&rsquo;est quand ? C&rsquo;est o\u00f9 ?<\/strong><br>Le mardi \u00e0 19h30 \u00e0 partir du 2 septembre 2025<br>C&rsquo;est \u00e0 Grand-Leez, \u00e0 la salle \u00ab\u00a0Chez Nous\u00a0\u00bb.<br>Voici le lien pour trouver : <a href=\"https:\/\/www.silhouette-danse.be\/index.php\/les-adresses\/\" data-type=\"page\" data-id=\"84\">Les adresses<\/a><br>La salle est pratique, le parking est juste devant. \ud83d\ude09<br>\u00catre r\u00e9guli\u00e8re c&rsquo;est la cl\u00e9 de la r\u00e9ussite, mais les cong\u00e9s \u00e7\u00e0 compte aussi, voici le lien de l&rsquo;agenda pour organiser vos entra\u00eenements <a href=\"https:\/\/www.silhouette-danse.be\/index.php\/agenda-conges\/\" data-type=\"page\" data-id=\"87\">Cong\u00e9s \u2013 Agenda<\/a><br><br><strong>Comment rejoindre l&rsquo;\u00e9quipe ?<\/strong><br>Rien de plus simple, il ne faut pas s&rsquo;inscrire au pr\u00e9alable ! <br>Vous embarquez vos affaires et vous rejoignez le groupe.<br>La premi\u00e8re fois il faudra juste arriver quelques minutes avant l&rsquo;heure du cours. Je prendrai vos coordonn\u00e9es \u00e0 ce moment l\u00e0 et nous ferons connaissance.<br><br><strong>Que faut-il apporter ?<\/strong><br>Un bon tapis pour un maximum de confort. \ud83d\ude01<br>Un essuie pour vous \u00e9ponger &#8230; on ne sait jamais, l&rsquo;ambiance et la musique c&rsquo;est parfois entra\u00eenant <br>De l&rsquo;eau ! El\u00e9ment essentiel pour garantir une bonne hydratation pendant le cours.<br><br><strong>Combien co\u00fbte une s\u00e9ance ?<\/strong><br>7\u20ac en liquide pour une heure de bonheur, votre petit moment rien qu&rsquo;\u00e0 vous.<\/p>\n\n\n\n<p><strong>Et concernant la tenue ?<\/strong><br>V\u00eatement de sport confortable, id\u00e9alement legging noir et t-shirt rose \ud83c\udf38<br>Basket <br><br><strong>A qui est destin\u00e9 le cours ?<\/strong><br>Absolument tout le monde peut profiter de ce moment magique. <br>On s&rsquo;en servira comme gym d&rsquo;entretien, en sportif d\u00e9butant ou confirm\u00e9, ou encore en compl\u00e9ment \u00e0 un autre sport ! <br>Quel que soit votre niveau et votre \u00e2ge vous trouverez votre place. \ud83d\udc3b<br>MAIS attention, le cours est progressif, on ajoutera des petites &#8211; toutes petites &#8211; difficult\u00e9s au fil des semaines. <br>M\u00eame principe que pour le CAF (le CAF est un peu plus intensif puisque nous ne faisons que le bas du corps pendant 1h)<br>On repart de z\u00e9ro en septembre et en janvier mais n&rsquo;h\u00e9sitez pas \u00e0 rejoindre l&rsquo;\u00e9quipe \u00e0 tout moment, il faudra juste faire des petites s\u00e9ries et plus de pauses \ud83d\ude09<br><br><\/p>\n\n\n\n<p>L&rsquo;accord de votre m\u00e9decin est toujours plus rassurant avant de s&rsquo;engager dans la pratique d&rsquo;un sport <\/p>\n\n\n\n<p><\/p>\n","protected":false},"excerpt":{"rendered":"<p>Remodelez votre silhouette, sculptez tout votre corps avec un programme amusant.\ud83d\ude06 Les muscles profonds ne &hellip; <\/p>\n","protected":false},"author":1,"featured_media":0,"parent":0,"menu_order":0,"comment_status":"closed","ping_status":"closed","template":"","meta":{"footnotes":""},"class_list":["post-306","page","type-page","status-publish","hentry","latest_post"],"_links":{"self":[{"href":"https:\/\/www.silhouette-danse.be\/index.php\/wp-json\/wp\/v2\/pages\/306","targetHints":{"allow":["GET"]}}],"collection":[{"href":"https:\/\/www.silhouette-danse.be\/index.php\/wp-json\/wp\/v2\/pages"}],"about":[{"href":"https:\/\/www.silhouette-danse.be\/index.php\/wp-json\/wp\/v2\/types\/page"}],"author":[{"embeddable":true,"href":"https:\/\/www.silhouette-danse.be\/index.php\/wp-json\/wp\/v2\/users\/1"}],"replies":[{"embeddable":true,"href":"https:\/\/www.silhouette-danse.be\/index.php\/wp-json\/wp\/v2\/comments?post=306"}],"version-history":[{"count":17,"href":"https:\/\/www.silhouette-danse.be\/index.php\/wp-json\/wp\/v2\/pages\/306\/revisions"}],"predecessor-version":[{"id":376,"href":"https:\/\/www.silhouette-danse.be\/index.php\/wp-json\/wp\/v2\/pages\/306\/revisions\/376"}],"wp:attachment":[{"href":"https:\/\/www.silhouette-danse.be\/index.php\/wp-json\/wp\/v2\/media?parent=306"}],"curies":[{"name":"wp","href":"https:\/\/api.w.org\/{rel}","templated":true}]}}