{"id":22,"date":"2024-04-27T11:25:50","date_gmt":"2024-04-27T09:25:50","guid":{"rendered":"https:\/\/www.fitness-et-danse-gembloux.be\/?page_id=22"},"modified":"2026-03-22T18:02:40","modified_gmt":"2026-03-22T17:02:40","slug":"accueil-club","status":"publish","type":"page","link":"https:\/\/www.silhouette-danse.be\/","title":{"rendered":"Fitness Gembloux et Chastre"},"content":{"rendered":"\n<p><br><\/p>\n\n\n\n<p><strong> <\/strong><br><strong>Cuisses-abdos-fessiers<\/strong> <br>ou<br><strong>Fit-Silhouette<\/strong> <br><br>Les cours sont amusants, on peut adapter l&rsquo;intensit\u00e9, il n&rsquo;y a pas de risque de blessures, peu co\u00fbteux,<br>on choisi l&rsquo;horaire qui nous convient, c&rsquo;est le meilleur pour la sant\u00e9 et un pr\u00e9cieux moment d&rsquo;\u00e9vasion <br><\/p>\n","protected":false},"excerpt":{"rendered":"<p>Cuisses-abdos-fessiers ouFit-Silhouette Les cours sont amusants, on peut adapter l&rsquo;intensit\u00e9, il n&rsquo;y a pas de &hellip; <\/p>\n","protected":false},"author":1,"featured_media":390,"parent":0,"menu_order":0,"comment_status":"closed","ping_status":"closed","template":"","meta":{"footnotes":""},"class_list":["post-22","page","type-page","status-publish","has-post-thumbnail","hentry","latest_post"],"_links":{"self":[{"href":"https:\/\/www.silhouette-danse.be\/index.php\/wp-json\/wp\/v2\/pages\/22","targetHints":{"allow":["GET"]}}],"collection":[{"href":"https:\/\/www.silhouette-danse.be\/index.php\/wp-json\/wp\/v2\/pages"}],"about":[{"href":"https:\/\/www.silhouette-danse.be\/index.php\/wp-json\/wp\/v2\/types\/page"}],"author":[{"embeddable":true,"href":"https:\/\/www.silhouette-danse.be\/index.php\/wp-json\/wp\/v2\/users\/1"}],"replies":[{"embeddable":true,"href":"https:\/\/www.silhouette-danse.be\/index.php\/wp-json\/wp\/v2\/comments?post=22"}],"version-history":[{"count":58,"href":"https:\/\/www.silhouette-danse.be\/index.php\/wp-json\/wp\/v2\/pages\/22\/revisions"}],"predecessor-version":[{"id":428,"href":"https:\/\/www.silhouette-danse.be\/index.php\/wp-json\/wp\/v2\/pages\/22\/revisions\/428"}],"wp:featuredmedia":[{"embeddable":true,"href":"https:\/\/www.silhouette-danse.be\/index.php\/wp-json\/wp\/v2\/media\/390"}],"wp:attachment":[{"href":"https:\/\/www.silhouette-danse.be\/index.php\/wp-json\/wp\/v2\/media?parent=22"}],"curies":[{"name":"wp","href":"https:\/\/api.w.org\/{rel}","templated":true}]}}