{"id":103,"date":"2024-05-03T12:51:15","date_gmt":"2024-05-03T10:51:15","guid":{"rendered":"https:\/\/www.fitness-et-danse-gembloux.be\/?page_id=103"},"modified":"2026-03-22T18:08:41","modified_gmt":"2026-03-22T17:08:41","slug":"le-prof","status":"publish","type":"page","link":"https:\/\/www.silhouette-danse.be\/index.php\/le-prof\/","title":{"rendered":"Le prof"},"content":{"rendered":"\n<div class=\"wp-block-columns is-layout-flex wp-container-core-columns-is-layout-9d6595d7 wp-block-columns-is-layout-flex\">\n<div class=\"wp-block-column is-vertically-aligned-center is-layout-flow wp-block-column-is-layout-flow\" style=\"flex-basis:66.66%\">\n<p><br><br><strong><em>Catherine Mezzapesa<\/em><\/strong>,  Instructeur Fitness &amp; Danse<br><br><em>CADRE SPORTIF &#8211; Gestion Club<br>&#8211; Homologation ADEPS<\/em><br><em>FITNESS MANAGER et INSTRUCTEUR FITNESS<\/em><strong><em><br><\/em><\/strong><em>&#8211; F\u00e9d\u00e9ration International des Sports a\u00e9robics et Fitness&nbsp;<\/em><br><em>Licence ZUMBA <\/em><br>&#8211;<em>(Basic1 &#8211; Basic2 &#8211; Gold &#8211; Kids &#8211; Step)<\/em><br><em>Gestionnaire salle de Fitness pendant 10 ans<\/em> <br><em>Ecole de Danse et de fitness depuis 2016<\/em><br><em>Formation Danse Classique et Moderne&nbsp;<\/em><\/p>\n<\/div>\n\n\n\n<div class=\"wp-block-column is-vertically-aligned-bottom is-layout-flow wp-block-column-is-layout-flow\" style=\"flex-basis:33.33%\">\n<figure class=\"wp-block-gallery aligncenter has-nested-images columns-default is-cropped wp-block-gallery-1 is-layout-flex wp-block-gallery-is-layout-flex\">\n<figure class=\"wp-block-image size-full is-style-rounded\"><img loading=\"lazy\" decoding=\"async\" width=\"184\" height=\"184\" data-id=\"111\" src=\"https:\/\/www.silhouette-danse.be\/wp-content\/uploads\/2024\/05\/telechargement-edited.jpg\" alt=\"\" class=\"wp-image-111\" srcset=\"https:\/\/www.silhouette-danse.be\/wp-content\/uploads\/2024\/05\/telechargement-edited.jpg 184w, https:\/\/www.silhouette-danse.be\/wp-content\/uploads\/2024\/05\/telechargement-edited-150x150.jpg 150w\" sizes=\"auto, (max-width: 184px) 100vw, 184px\" \/><\/figure>\n<\/figure>\n<\/div>\n<\/div>\n\n\n\n<div class=\"wp-block-columns is-layout-flex wp-container-core-columns-is-layout-9d6595d7 wp-block-columns-is-layout-flex\">\n<div class=\"wp-block-column is-layout-flow wp-block-column-is-layout-flow\">\n<figure class=\"wp-block-gallery has-nested-images columns-default is-cropped wp-block-gallery-2 is-layout-flex wp-block-gallery-is-layout-flex\">\n<figure class=\"wp-block-image size-full\"><img loading=\"lazy\" decoding=\"async\" width=\"300\" height=\"233\" data-id=\"108\" src=\"https:\/\/www.silhouette-danse.be\/wp-content\/uploads\/2024\/05\/ADEPS-1.gif\" alt=\"\" class=\"wp-image-108\"\/><\/figure>\n<\/figure>\n<\/div>\n\n\n\n<div class=\"wp-block-column is-layout-flow wp-block-column-is-layout-flow\">\n<figure class=\"wp-block-gallery has-nested-images columns-default is-cropped wp-block-gallery-3 is-layout-flex wp-block-gallery-is-layout-flex\">\n<figure class=\"wp-block-image size-full\"><img loading=\"lazy\" decoding=\"async\" width=\"186\" height=\"131\" data-id=\"109\" src=\"https:\/\/www.silhouette-danse.be\/wp-content\/uploads\/2024\/05\/FISAF-int-logo-1.jpg\" alt=\"\" class=\"wp-image-109\"\/><\/figure>\n<\/figure>\n<\/div>\n\n\n\n<div class=\"wp-block-column is-layout-flow wp-block-column-is-layout-flow\">\n<figure class=\"wp-block-gallery has-nested-images columns-default is-cropped wp-block-gallery-4 is-layout-flex wp-block-gallery-is-layout-flex\">\n<figure class=\"wp-block-image size-full\"><img loading=\"lazy\" decoding=\"async\" width=\"300\" height=\"241\" data-id=\"110\" src=\"https:\/\/www.silhouette-danse.be\/wp-content\/uploads\/2024\/05\/zumba-logo-D9CB483FCD-seeklogo.com_-1.png\" alt=\"\" class=\"wp-image-110\"\/><\/figure>\n<\/figure>\n<\/div>\n<\/div>\n","protected":false},"excerpt":{"rendered":"<p>Catherine Mezzapesa, Instructeur Fitness &amp; Danse CADRE SPORTIF &#8211; Gestion Club&#8211; Homologation ADEPSFITNESS MANAGER et &hellip; <\/p>\n","protected":false},"author":1,"featured_media":0,"parent":0,"menu_order":0,"comment_status":"closed","ping_status":"closed","template":"","meta":{"footnotes":""},"class_list":["post-103","page","type-page","status-publish","hentry","latest_post"],"_links":{"self":[{"href":"https:\/\/www.silhouette-danse.be\/index.php\/wp-json\/wp\/v2\/pages\/103","targetHints":{"allow":["GET"]}}],"collection":[{"href":"https:\/\/www.silhouette-danse.be\/index.php\/wp-json\/wp\/v2\/pages"}],"about":[{"href":"https:\/\/www.silhouette-danse.be\/index.php\/wp-json\/wp\/v2\/types\/page"}],"author":[{"embeddable":true,"href":"https:\/\/www.silhouette-danse.be\/index.php\/wp-json\/wp\/v2\/users\/1"}],"replies":[{"embeddable":true,"href":"https:\/\/www.silhouette-danse.be\/index.php\/wp-json\/wp\/v2\/comments?post=103"}],"version-history":[{"count":2,"href":"https:\/\/www.silhouette-danse.be\/index.php\/wp-json\/wp\/v2\/pages\/103\/revisions"}],"predecessor-version":[{"id":430,"href":"https:\/\/www.silhouette-danse.be\/index.php\/wp-json\/wp\/v2\/pages\/103\/revisions\/430"}],"wp:attachment":[{"href":"https:\/\/www.silhouette-danse.be\/index.php\/wp-json\/wp\/v2\/media?parent=103"}],"curies":[{"name":"wp","href":"https:\/\/api.w.org\/{rel}","templated":true}]}}